ime number?
True
Suppose 8*b - 6*b = 0. Suppose 12*w - 13*w - 5 = b. Is 23 - (5 + w/5) a composite number?
False
Let r(c) = -19*c**3 + c - 1. Suppose 0*l - 4 = -l + 4*i, 0 = -2*i. Suppose -2*u = -4*u - l. Is r(u) prime?
True
Suppose 12049167 - 4460293 = 58*x - 7850436. Is x composite?
True
Let k(q) be the third derivative of -q**5/60 + 5*q**4/24 + 5*q**3/3 + 27*q**2. Let u be k(6). Suppose -c = 0, 0 = r - u*c - 1088 - 957. Is r a prime number?
False
Let j(o) = -o**2 - 7*o - 11. Let q be j(-5). Let m = q + 3. Suppose 3*b - m*b = 1043. Is b a prime number?
False
Let s(d) = 431*d + 5. Let b be s(4). Suppose 2*a - 1377 = l, -5*l = 5*a - 2256 - 1179. Let k = b - a. Is k a prime number?
False
Let o(n) = 99*n - 3. Let y be o(2). Let q = -2163 + y. Let b = q + 3619. Is b prime?
False
Let m(a) = -2*a - 2. Let o(v) = -571*v - 12. Let x(r) = 4*m(r) - o(r). Is x(3) a prime number?
True
Suppose 4*q - 62 = 1246. Let z be 1*((602 - -3) + -1). Suppose -7*i = -z - q. Is i prime?
False
Let b(s) = -11*s - 5. Let n(h) = 34*h + 15. Let p(l) = 7*b(l) + 2*n(l). Let o = 6 - 9. Is p(o) a composite number?
True
Suppose -23*q - 32091 = -93754. Let j = q + 3158. Is j a composite number?
False
Suppose -6*o + 84 = -3*o. Suppose -12 = 8*u - o. Suppose 2317 = 3*d - u*d. Is d composite?
True
Let m(l) = 171*l + 264 + 56*l - 488 + 266. Is m(7) composite?
True
Suppose -14*p = -272708 - 18534. Is p composite?
True
Let o(q) = 11*q**3 + 2*q - 2*q**3 - 3*q**2 + 25 + 4*q**2 - 41. Is o(7) a prime number?
False
Suppose 221760 = -18*g + 30*g. Suppose -4*d = 4*s - g, 4386 - 13629 = -2*d + s. Is d a composite number?
False
Let p(l) = 2936*l**2 - 1541*l + 18503. Is p(12) a prime number?
False
Suppose -3 - 49 = -13*n. Suppose -n*g + 12 = 2*b, -b = -0*b + g - 3. Suppose -6*x - x + 833 = b. Is x a composite number?
True
Let k(c) = 9033*c**3 - 2*c - 2. Let p be k(-1). Let h be 0 + 2/6 + p/(-9). Is (1/(-2))/(3 - 3014/h) a prime number?
True
Suppose -5*o = -4*a + 1540, 0 = -6*o + 3*o - a - 924. Let w = -147 - o. Is w a prime number?
False
Let k be (24 - 23)/(2/19462). Let h = k - 5224. Is h a prime number?
True
Let w be (-4)/(-7) + 168/49. Suppose -w*i - 7 = -423. Suppose 35 - i = -3*c. Is c a composite number?
False
Let c = 34 + -26. Suppose -c*s - 8 = -0. Is (-11192)/(-8)*(s - -2) composite?
False
Suppose 4*z - 10074 = -2*z. Suppose 3*a + 843 = w, 0*w + 2*w - z = -a. Is -1*(w/(-4) - -1) composite?
True
Suppose -5*q = l - 10, -37 = -3*q - q + 5*l. Suppose -c + 3*s - 6*s = -21, 0 = -c + 3*s + q. Is 255/2 - c/24 composite?
False
Let n(d) = d**3 - 32*d**2 - 2*d + 69. Let u be n(32). Suppose -u*m + 1503 = -2*m + 3*z, 2*z - 1504 = -3*m. Is m a composite number?
True
Suppose -42*r - 311880 = -18*r. Is (-12)/33 + r/(-11) composite?
False
Let f = -151997 - -255735. Is f a composite number?
True
Let l(o) = 42*o**2 - 73*o - 56. Is l(38) a prime number?
False
Suppose 0*q + 24 = 2*u + 4*q, 0 = 4*u - 2*q + 2. Let t(o) be the second derivative of 97*o**3/6 - 3*o**2/2 + 5*o. Is t(u) a composite number?
False
Suppose -3*o + 244 + 158 = 0. Let n(y) = 4*y - 143 - 29*y + o. Is n(-14) prime?
False
Suppose 17596 = 3*i + 5*h, 4*i + 2*h - 34934 = -11454. Let c = i - 3099. Is c a prime number?
False
Suppose 0 = -37*l + 57*l - 274980. Is l a composite number?
True
Let l(s) = 2*s - 20. Let m be l(12). Suppose 0 = -4*z + 3*f + 12, -f - m = -0*f. Suppose z = -6*v - 177 + 903. Is v prime?
False
Suppose 4*w = 73*w + 36*w + 15225. Let a = 824 + -494. Let d = w + a. Is d composite?
True
Let w(a) = 88 + 5*a - 164 + 96. Let o be w(-4). Suppose o = 10*q - 11*q + 1055. Is q prime?
False
Let y(c) = 2*c**2 + 0*c**2 + 24962 - 7353 + 3*c - c**2. Is y(0) composite?
False
Let l be -3*(-13)/((-78)/(-12)). Let p(o) = -2*o + 7*o + 3 + 4. Is p(l) prime?
True
Suppose 6 = -27*i + 249. Suppose -10*a + 78109 = i*a. Is a a composite number?
False
Suppose 0 = -11*l - 1 - 32. Let c(t) = -26*t**3 + t**2 - 3*t - 7. Is c(l) prime?
False
Suppose -o + 463 = 2*f, -6*o - 3*f = -2*o - 1877. Suppose o - 1846 = -p - 4*m, -5*p = m - 6808. Is p a composite number?
False
Let z = -688997 + 977752. Is z prime?
False
Is (2 + 2 + 994407/15)/(19/95) prime?
True
Let f be -3 + (1 - 115) + (-4)/(-1). Let g = f + 116. Suppose 2*t + u = 261, -g*u = -4*t + 3*t + 148. Is t a prime number?
False
Let l(r) = 34*r**3 - 5*r**2 - r + 8. Let i be l(5). Suppose 7*j = -14435 - 2715. Let x = j + i. Is x a prime number?
False
Let h = 438577 + 103138. Is h prime?
False
Let u = 5638 + -12186. Let k = u - -10446. Is k a prime number?
False
Let l(b) = b**2 + 7. Let n be (-2)/(-14) + (-3)/21. Is l(n) composite?
False
Let m(p) = 2471*p + 105. Let j be m(20). Suppose -15*s = -j - 46910. Is s a composite number?
True
Let o(x) = x + 56. Let q be o(-7). Let g = -46 + q. Is 20127/27*g + (-6)/(-9) a prime number?
True
Let q(r) = 788*r**2 + 236*r + 82. Is q(-31) composite?
True
Suppose -2*d + 1 - 59 = -5*c, -3*d + c - 113 = 0. Let v = d + 42. Suppose -67 = -v*o + 2246. Is o a composite number?
True
Is 611863*12*13/1092 composite?
True
Let r be 28/21 + 2/3. Let i(p) = -168*p + 3. Let u be i(r). Let w = u - -966. Is w a prime number?
False
Let v = 58 - 86. Let g be 23*(-4)/(-28) + 8/v. Suppose -680 = -2*h + g*i, -4*h + 1358 = -8*i + 3*i. Is h prime?
True
Let b(r) = r**3 - 8*r**2 - 14*r + 7. Let q be b(10). Let p(d) = 0 + 12*d**3 + 4 - 67*d**2 + q*d**2 + d. Is p(3) a prime number?
True
Let d(p) = 1773*p**2 + 325*p + 55. Is d(9) composite?
True
Suppose 0 = 6*y + 10*y - 1392. Let d = y + -67. Suppose 18*s - d*s + 2798 = 0. Is s composite?
False
Let q be ((-24)/18)/(-4*(-3)/(-27)). Let c(n) = n. Let p be c(2). Suppose 0 = -q*t + 3*g + 2406, 3*t = t - p*g + 1592. Is t prime?
False
Let x = 41 - 20. Suppose 32*k - x*k - 106282 = 0. Is k prime?
False
Let j(r) = r**3 - 33*r**2 + 265*r - 750. Is j(77) prime?
False
Let c(j) = 206*j**2 + 39*j + 44. Is c(5) composite?
True
Let u(t) = 1961*t**2 - 84*t - 328. Is u(-21) a composite number?
True
Let q = 1361 - 179. Let g = q - -6625. Is g composite?
True
Suppose 2*y = z + 100417, 0 = 4*y + z - 148398 - 52427. Is y a prime number?
True
Let g be (-30)/(-9)*(129/15 + 1). Let h = g - 27. Suppose -h*z + 40 = -30. Is z a prime number?
False
Suppose 33*i - 21*i + 26*i - 1049218 = 0. Is i prime?
True
Suppose -4*q - 84 = -r + 102, -2*q = -4*r + 772. Let u = r - 441. Let l = u + 1040. Is l a composite number?
True
Suppose 7*k = 2*k - 3*v + 14, -2 = k + 3*v. Suppose k*a - 12744 = -0*j + 4*j, -4*a - j + 12719 = 0. Is a a prime number?
True
Suppose 0 = -13*v + 3 + 23. Let o be (-4)/6 + (-4)/(-6). Suppose -f + 0*x = -x - 1116, -v*f - 3*x + 2257 = o. Is f a prime number?
False
Let x(k) = -124*k + 151. Let r(l) = 83*l - 101. Let p be -3 + 1/(4/(-20)). Let j(q) = p*r(q) - 5*x(q). Is j(-6) composite?
False
Suppose 5 = -5*a + 10. Let t = -729 + 709. Is (2 - a)*(353 - t) prime?
True
Let s be 6461/143 - 2/11. Suppose -s*x - 279987 = -2440752. Is x composite?
False
Suppose 2*n - 5*k = -1, -n + 7 = 2*n + k. Let m(z) = -6 - n - 293*z + 320*z. Is m(1) prime?
True
Let j be 77 + -78 - 5/(5/(-7662)). Let q = j - 5158. Is q a prime number?
True
Let t(m) = -101*m - 29. Suppose 3*v - 42 = 2*d, 6*v - 4*v = 3*d + 23. Suppose -13*q + v*q + 42 = 0. Is t(q) a composite number?
True
Let z(n) = -2*n**3 - 72*n**2 - 51*n + 171. Is z(-52) composite?
True
Suppose 3*o - 3*f - 311 = -o, o + 3*f - 89 = 0. Is 118176/o + 2/(-10) prime?
False
Let c = 45 + -43. Suppose 0 = -5*d - 10, c*l - 46261 + 7753 = 5*d. Is l prime?
True
Let m(g) = 3*g - 29. Let p be m(11). Suppose r + 2513 = 5*n - 0*r, -p*n - 4*r = -1996. Is n a composite number?
True
Let v(y) = 3247*y**3 - 2*y**2 - y + 3. Let f be v(1). Suppose 528 = 4*r - 3*t - f, 947 = r - 4*t. Is r composite?
True
Suppose 2*t - 3978 = -4*l, 7*t + 4*l = -0*l + 13873. Is t prime?
True
Let d(n) = -1204*n + 673. Is d(-108) composite?
True
Suppose g = 4, 3*z = 5*z + 5*g - 506. Let l be 2 + 1 - (-4 - z). Let r = l - -1035. Is r composite?
True
Let f(h) = -h**3 + 49*h**2 + 62*h + 271. Is f(42) prime?
False
Let p(a) = -9*a**3 + 4*a**2 + 7*a + 7. Is p(-10) composite?
False
Suppose 4*o - 2*n = 60982, 3*n - 76227 = -5*o + 5*n. Suppose o = h - 4*c, 3*h - 4*c - 22686 = 23017. Is h composite?
True
Suppose -g - 3328 = -2*l, 5*g + 6641 = 3*g - l. Let p = 6546 + -1507. Let z = p 